{"id":4753,"date":"2020-10-02T20:23:30","date_gmt":"2020-10-03T03:23:30","guid":{"rendered":"https:\/\/kccoa.net\/?page_id=4753"},"modified":"2023-02-15T14:48:45","modified_gmt":"2023-02-15T21:48:45","slug":"calfresh","status":"publish","type":"page","link":"https:\/\/kccoa.net\/?page_id=4753","title":{"rendered":"CalFresh &#038; Medi-Cal"},"content":{"rendered":"\n<p><strong><u>Medi-cal&nbsp; \/ Cal Fresh Application Renewal and Assistance Program<\/u><\/strong><\/p>\n\n\n\n<p>This program provides individuals age 60 years and older with current information and assistance for the Cal-Fresh and Medi-Cal application and renewal process. &nbsp;<\/p>\n\n\n\n<p>Call our office at 852-2828 to make an appointment.<\/p>\n\n\n\n<div class=\"wp-block-columns is-layout-flex wp-container-core-columns-is-layout-9d6595d7 wp-block-columns-is-layout-flex\">\n<div class=\"wp-block-column is-layout-flow wp-block-column-is-layout-flow\">\n<p><strong><span style=\"text-decoration: underline;\">Programa de Asistencia y Renovaci\u00f3n de Solicitudes de Medi-cal \/ Cal Fresh<\/span><\/strong><\/p>\n\n\n\n<p>Este programa brinda a las personas de 60 a\u00f1os o m\u00e1s informaci\u00f3n actualizada y asistencia para el proceso de solicitud y renovaci\u00f3n de Cal-Fresh y Medi-Cal. <\/p>\n\n\n\n<p>Llame a nuestra oficina al 852-2828 para hacer una cita.<\/p>\n\n\n\n<div class=\"wp-block-group\"><div class=\"wp-block-group__inner-container is-layout-constrained wp-block-group-is-layout-constrained\">\n<div class=\"wp-block-group\"><div class=\"wp-block-group__inner-container is-layout-constrained wp-block-group-is-layout-constrained\">\n<div class=\"wp-block-columns is-layout-flex wp-container-core-columns-is-layout-9d6595d7 wp-block-columns-is-layout-flex\">\n<div class=\"wp-block-column is-layout-flow wp-block-column-is-layout-flow\" style=\"flex-basis:100%\">\n<div class=\"wp-block-group\"><div class=\"wp-block-group__inner-container is-layout-constrained wp-block-group-is-layout-constrained\">\n<div class=\"wp-block-group\"><div class=\"wp-block-group__inner-container is-layout-constrained wp-block-group-is-layout-constrained\">\n<div class=\"wp-block-group\"><div class=\"wp-block-group__inner-container is-layout-constrained wp-block-group-is-layout-constrained\">\n<div class=\"wp-block-columns is-layout-flex wp-container-core-columns-is-layout-9d6595d7 wp-block-columns-is-layout-flex\">\n<div class=\"wp-block-column is-layout-flow wp-block-column-is-layout-flow\" style=\"flex-basis:100%\">\n<figure class=\"wp-block-gallery has-nested-images columns-default is-cropped wp-block-gallery-1 is-layout-flex wp-block-gallery-is-layout-flex\">\n<figure class=\"wp-block-image size-large\"><img loading=\"lazy\" decoding=\"async\" width=\"419\" height=\"1024\" data-id=\"4755\" src=\"https:\/\/kccoa.net\/wp-content\/uploads\/2020\/10\/CalFresh-Brochure-Page-1-419x1024.jpg\" alt=\"\" class=\"wp-image-4755\" srcset=\"https:\/\/kccoa.net\/wp-content\/uploads\/2020\/10\/CalFresh-Brochure-Page-1-419x1024.jpg 419w, https:\/\/kccoa.net\/wp-content\/uploads\/2020\/10\/CalFresh-Brochure-Page-1-123x300.jpg 123w, https:\/\/kccoa.net\/wp-content\/uploads\/2020\/10\/CalFresh-Brochure-Page-1.jpg 538w\" sizes=\"auto, (max-width: 419px) 100vw, 419px\" \/><\/figure>\n\n\n\n<figure class=\"wp-block-image size-large\"><img loading=\"lazy\" decoding=\"async\" width=\"435\" height=\"1024\" data-id=\"4756\" src=\"https:\/\/kccoa.net\/wp-content\/uploads\/2020\/10\/CalFresh-Brochure-Page-1-2-435x1024.jpg\" alt=\"\" class=\"wp-image-4756\" srcset=\"https:\/\/kccoa.net\/wp-content\/uploads\/2020\/10\/CalFresh-Brochure-Page-1-2-435x1024.jpg 435w, https:\/\/kccoa.net\/wp-content\/uploads\/2020\/10\/CalFresh-Brochure-Page-1-2-128x300.jpg 128w, https:\/\/kccoa.net\/wp-content\/uploads\/2020\/10\/CalFresh-Brochure-Page-1-2.jpg 556w\" sizes=\"auto, (max-width: 435px) 100vw, 435px\" \/><\/figure>\n\n\n\n<figure class=\"wp-block-image size-large\"><img loading=\"lazy\" decoding=\"async\" width=\"392\" height=\"1024\" data-id=\"4758\" src=\"https:\/\/kccoa.net\/wp-content\/uploads\/2020\/10\/CalFresh-Brochure-Page-2-392x1024.jpg\" alt=\"\" class=\"wp-image-4758\" srcset=\"https:\/\/kccoa.net\/wp-content\/uploads\/2020\/10\/CalFresh-Brochure-Page-2-392x1024.jpg 392w, https:\/\/kccoa.net\/wp-content\/uploads\/2020\/10\/CalFresh-Brochure-Page-2-115x300.jpg 115w, https:\/\/kccoa.net\/wp-content\/uploads\/2020\/10\/CalFresh-Brochure-Page-2.jpg 496w\" sizes=\"auto, (max-width: 392px) 100vw, 392px\" \/><\/figure>\n<\/figure>\n<\/div>\n<\/div>\n\n\n\n<div class=\"wp-block-columns is-layout-flex wp-container-core-columns-is-layout-9d6595d7 wp-block-columns-is-layout-flex\">\n<div class=\"wp-block-column is-layout-flow wp-block-column-is-layout-flow\" style=\"flex-basis:100%\">\n<figure class=\"wp-block-gallery has-nested-images columns-default is-cropped wp-block-gallery-2 is-layout-flex wp-block-gallery-is-layout-flex\">\n<figure class=\"wp-block-image size-large\"><img loading=\"lazy\" decoding=\"async\" width=\"406\" height=\"1024\" data-id=\"4761\" src=\"https:\/\/kccoa.net\/wp-content\/uploads\/2020\/10\/CalFresh-Brochure-Page-3-2-406x1024.jpg\" alt=\"\" class=\"wp-image-4761\" srcset=\"https:\/\/kccoa.net\/wp-content\/uploads\/2020\/10\/CalFresh-Brochure-Page-3-2-406x1024.jpg 406w, https:\/\/kccoa.net\/wp-content\/uploads\/2020\/10\/CalFresh-Brochure-Page-3-2-119x300.jpg 119w, https:\/\/kccoa.net\/wp-content\/uploads\/2020\/10\/CalFresh-Brochure-Page-3-2.jpg 509w\" sizes=\"auto, (max-width: 406px) 100vw, 406px\" \/><\/figure>\n\n\n\n<figure class=\"wp-block-image size-large\"><img loading=\"lazy\" decoding=\"async\" width=\"432\" height=\"1024\" data-id=\"4760\" src=\"https:\/\/kccoa.net\/wp-content\/uploads\/2020\/10\/CalFresh-Brochure-Page-3-432x1024.jpg\" alt=\"\" class=\"wp-image-4760\" srcset=\"https:\/\/kccoa.net\/wp-content\/uploads\/2020\/10\/CalFresh-Brochure-Page-3-432x1024.jpg 432w, https:\/\/kccoa.net\/wp-content\/uploads\/2020\/10\/CalFresh-Brochure-Page-3-127x300.jpg 127w, https:\/\/kccoa.net\/wp-content\/uploads\/2020\/10\/CalFresh-Brochure-Page-3.jpg 525w\" sizes=\"auto, (max-width: 432px) 100vw, 432px\" \/><\/figure>\n\n\n\n<figure class=\"wp-block-image size-large\"><img loading=\"lazy\" decoding=\"async\" width=\"395\" height=\"1024\" data-id=\"4759\" src=\"https:\/\/kccoa.net\/wp-content\/uploads\/2020\/10\/CalFresh-Brochure-Page-2-2-395x1024.jpg\" alt=\"\" class=\"wp-image-4759\" srcset=\"https:\/\/kccoa.net\/wp-content\/uploads\/2020\/10\/CalFresh-Brochure-Page-2-2-395x1024.jpg 395w, https:\/\/kccoa.net\/wp-content\/uploads\/2020\/10\/CalFresh-Brochure-Page-2-2-116x300.jpg 116w, https:\/\/kccoa.net\/wp-content\/uploads\/2020\/10\/CalFresh-Brochure-Page-2-2.jpg 534w\" sizes=\"auto, (max-width: 395px) 100vw, 395px\" \/><\/figure>\n<\/figure>\n\n\n\n<figure class=\"wp-block-gallery has-nested-images columns-default is-cropped wp-block-gallery-3 is-layout-flex wp-block-gallery-is-layout-flex\">\n<figure class=\"wp-block-image size-large\"><img loading=\"lazy\" decoding=\"async\" width=\"481\" height=\"1024\" data-id=\"4776\" src=\"https:\/\/kccoa.net\/wp-content\/uploads\/2020\/10\/CalFresh-Brochure-Page-4-2-2-481x1024.jpg\" alt=\"\" class=\"wp-image-4776\" srcset=\"https:\/\/kccoa.net\/wp-content\/uploads\/2020\/10\/CalFresh-Brochure-Page-4-2-2-481x1024.jpg 481w, https:\/\/kccoa.net\/wp-content\/uploads\/2020\/10\/CalFresh-Brochure-Page-4-2-2-141x300.jpg 141w, https:\/\/kccoa.net\/wp-content\/uploads\/2020\/10\/CalFresh-Brochure-Page-4-2-2.jpg 599w\" sizes=\"auto, (max-width: 481px) 100vw, 481px\" \/><\/figure>\n\n\n\n<figure class=\"wp-block-image size-large\"><img loading=\"lazy\" decoding=\"async\" width=\"432\" height=\"1024\" data-id=\"4775\" src=\"https:\/\/kccoa.net\/wp-content\/uploads\/2020\/10\/CalFresh-Brochure-Page-3-1-432x1024.jpg\" alt=\"\" class=\"wp-image-4775\" srcset=\"https:\/\/kccoa.net\/wp-content\/uploads\/2020\/10\/CalFresh-Brochure-Page-3-1-432x1024.jpg 432w, https:\/\/kccoa.net\/wp-content\/uploads\/2020\/10\/CalFresh-Brochure-Page-3-1-127x300.jpg 127w, https:\/\/kccoa.net\/wp-content\/uploads\/2020\/10\/CalFresh-Brochure-Page-3-1.jpg 525w\" sizes=\"auto, (max-width: 432px) 100vw, 432px\" \/><\/figure>\n\n\n\n<figure class=\"wp-block-image size-large\"><img loading=\"lazy\" decoding=\"async\" width=\"418\" height=\"1024\" data-id=\"4762\" src=\"https:\/\/kccoa.net\/wp-content\/uploads\/2020\/10\/CalFresh-Brochure-Page-4-418x1024.jpg\" alt=\"\" class=\"wp-image-4762\" srcset=\"https:\/\/kccoa.net\/wp-content\/uploads\/2020\/10\/CalFresh-Brochure-Page-4-418x1024.jpg 418w, https:\/\/kccoa.net\/wp-content\/uploads\/2020\/10\/CalFresh-Brochure-Page-4-123x300.jpg 123w, https:\/\/kccoa.net\/wp-content\/uploads\/2020\/10\/CalFresh-Brochure-Page-4.jpg 526w\" sizes=\"auto, (max-width: 418px) 100vw, 418px\" \/><\/figure>\n<\/figure>\n<\/div>\n<\/div>\n<\/div><\/div>\n<\/div><\/div>\n<\/div><\/div>\n<\/div>\n<\/div>\n<\/div><\/div>\n<\/div><\/div>\n<\/div>\n<\/div>\n\n\n\n<div class=\"wp-block-columns is-layout-flex wp-container-core-columns-is-layout-9d6595d7 wp-block-columns-is-layout-flex\">\n<div class=\"wp-block-column is-layout-flow wp-block-column-is-layout-flow\"><div class=\"wp-block-image\">\n<figure class=\"aligncenter size-full\"><img loading=\"lazy\" decoding=\"async\" width=\"489\" height=\"1686\" src=\"https:\/\/kccoa.net\/wp-content\/uploads\/2020\/10\/CalFresh-Senior-Bookmark.jpg\" alt=\"\" class=\"wp-image-4783\" srcset=\"https:\/\/kccoa.net\/wp-content\/uploads\/2020\/10\/CalFresh-Senior-Bookmark.jpg 489w, https:\/\/kccoa.net\/wp-content\/uploads\/2020\/10\/CalFresh-Senior-Bookmark-87x300.jpg 87w, https:\/\/kccoa.net\/wp-content\/uploads\/2020\/10\/CalFresh-Senior-Bookmark-297x1024.jpg 297w\" sizes=\"auto, (max-width: 489px) 100vw, 489px\" \/><\/figure>\n<\/div><\/div>\n\n\n\n<div class=\"wp-block-column is-layout-flow wp-block-column-is-layout-flow\"><div class=\"wp-block-image\">\n<figure class=\"aligncenter size-full\"><img loading=\"lazy\" decoding=\"async\" width=\"502\" height=\"1758\" src=\"https:\/\/kccoa.net\/wp-content\/uploads\/2020\/10\/CalFresh-Senior-Bookmark-2.jpg\" alt=\"\" class=\"wp-image-4784\" srcset=\"https:\/\/kccoa.net\/wp-content\/uploads\/2020\/10\/CalFresh-Senior-Bookmark-2.jpg 502w, https:\/\/kccoa.net\/wp-content\/uploads\/2020\/10\/CalFresh-Senior-Bookmark-2-86x300.jpg 86w, https:\/\/kccoa.net\/wp-content\/uploads\/2020\/10\/CalFresh-Senior-Bookmark-2-292x1024.jpg 292w, https:\/\/kccoa.net\/wp-content\/uploads\/2020\/10\/CalFresh-Senior-Bookmark-2-439x1536.jpg 439w\" sizes=\"auto, (max-width: 502px) 100vw, 502px\" \/><\/figure>\n<\/div><\/div>\n<\/div>\n\n\n\n<figure class=\"wp-block-gallery has-nested-images columns-default is-cropped wp-block-gallery-4 is-layout-flex wp-block-gallery-is-layout-flex\">\n<figure class=\"wp-block-image size-large\"><img loading=\"lazy\" decoding=\"async\" width=\"791\" height=\"1024\" data-id=\"4809\" src=\"https:\/\/kccoa.net\/wp-content\/uploads\/2021\/05\/Medical-Do-you-need-help-flier-ENGLISH-Edit-791x1024.jpg\" alt=\"\" class=\"wp-image-4809\" srcset=\"https:\/\/kccoa.net\/wp-content\/uploads\/2021\/05\/Medical-Do-you-need-help-flier-ENGLISH-Edit-791x1024.jpg 791w, https:\/\/kccoa.net\/wp-content\/uploads\/2021\/05\/Medical-Do-you-need-help-flier-ENGLISH-Edit-600x776.jpg 600w, https:\/\/kccoa.net\/wp-content\/uploads\/2021\/05\/Medical-Do-you-need-help-flier-ENGLISH-Edit-232x300.jpg 232w, https:\/\/kccoa.net\/wp-content\/uploads\/2021\/05\/Medical-Do-you-need-help-flier-ENGLISH-Edit-768x994.jpg 768w, https:\/\/kccoa.net\/wp-content\/uploads\/2021\/05\/Medical-Do-you-need-help-flier-ENGLISH-Edit-1187x1536.jpg 1187w, https:\/\/kccoa.net\/wp-content\/uploads\/2021\/05\/Medical-Do-you-need-help-flier-ENGLISH-Edit-1583x2048.jpg 1583w, https:\/\/kccoa.net\/wp-content\/uploads\/2021\/05\/Medical-Do-you-need-help-flier-ENGLISH-Edit.jpg 1700w\" sizes=\"auto, (max-width: 791px) 100vw, 791px\" \/><\/figure>\n\n\n\n<figure class=\"wp-block-image size-large\"><img loading=\"lazy\" decoding=\"async\" width=\"791\" height=\"1024\" data-id=\"4810\" src=\"https:\/\/kccoa.net\/wp-content\/uploads\/2021\/05\/Medical-Do-you-need-help-flier-SPANISH-Edit-791x1024.jpg\" alt=\"\" class=\"wp-image-4810\" srcset=\"https:\/\/kccoa.net\/wp-content\/uploads\/2021\/05\/Medical-Do-you-need-help-flier-SPANISH-Edit-791x1024.jpg 791w, https:\/\/kccoa.net\/wp-content\/uploads\/2021\/05\/Medical-Do-you-need-help-flier-SPANISH-Edit-600x776.jpg 600w, https:\/\/kccoa.net\/wp-content\/uploads\/2021\/05\/Medical-Do-you-need-help-flier-SPANISH-Edit-232x300.jpg 232w, https:\/\/kccoa.net\/wp-content\/uploads\/2021\/05\/Medical-Do-you-need-help-flier-SPANISH-Edit-768x994.jpg 768w, https:\/\/kccoa.net\/wp-content\/uploads\/2021\/05\/Medical-Do-you-need-help-flier-SPANISH-Edit-1187x1536.jpg 1187w, https:\/\/kccoa.net\/wp-content\/uploads\/2021\/05\/Medical-Do-you-need-help-flier-SPANISH-Edit-1583x2048.jpg 1583w, https:\/\/kccoa.net\/wp-content\/uploads\/2021\/05\/Medical-Do-you-need-help-flier-SPANISH-Edit.jpg 1700w\" sizes=\"auto, (max-width: 791px) 100vw, 791px\" \/><\/figure>\n<\/figure>\n","protected":false},"excerpt":{"rendered":"<p>Medi-cal&nbsp; \/ Cal Fresh Application Renewal and Assistance Program This program provides individuals age 60 years and older with current information and assistance for the Cal-Fresh and Medi-Cal application and renewal process. &nbsp; Call our office at 852-2828 to make an appointment. Programa de Asistencia y Renovaci\u00f3n de Solicitudes de Medi-cal \/ Cal Fresh Este programa brinda a las personas de 60 a\u00f1os o m\u00e1s informaci\u00f3n actualizada y asistencia para el proceso de solicitud y renovaci\u00f3n de Cal-Fresh y Medi-Cal. Llame a nuestra oficina al 852-2828 para hacer una cita.<\/p>\n","protected":false},"author":1,"featured_media":0,"parent":0,"menu_order":0,"comment_status":"closed","ping_status":"closed","template":"template-parts\/page-template-no-sidebar.php","meta":{"footnotes":""},"class_list":["post-4753","page","type-page","status-publish","hentry"],"_links":{"self":[{"href":"https:\/\/kccoa.net\/index.php?rest_route=\/wp\/v2\/pages\/4753","targetHints":{"allow":["GET"]}}],"collection":[{"href":"https:\/\/kccoa.net\/index.php?rest_route=\/wp\/v2\/pages"}],"about":[{"href":"https:\/\/kccoa.net\/index.php?rest_route=\/wp\/v2\/types\/page"}],"author":[{"embeddable":true,"href":"https:\/\/kccoa.net\/index.php?rest_route=\/wp\/v2\/users\/1"}],"replies":[{"embeddable":true,"href":"https:\/\/kccoa.net\/index.php?rest_route=%2Fwp%2Fv2%2Fcomments&post=4753"}],"version-history":[{"count":9,"href":"https:\/\/kccoa.net\/index.php?rest_route=\/wp\/v2\/pages\/4753\/revisions"}],"predecessor-version":[{"id":4935,"href":"https:\/\/kccoa.net\/index.php?rest_route=\/wp\/v2\/pages\/4753\/revisions\/4935"}],"wp:attachment":[{"href":"https:\/\/kccoa.net\/index.php?rest_route=%2Fwp%2Fv2%2Fmedia&parent=4753"}],"curies":[{"name":"wp","href":"https:\/\/api.w.org\/{rel}","templated":true}]}}